= 23*g + 5*r - 12000. What is the units digit of g?
6
Suppose 5*z + 595 = 3*o, -3*o + 706 = 4*z + 102. Suppose -196 = u + o. What is the tens digit of (9/(-4) - -1)/(3/u)?
6
Suppose 33*u - 115362 - 204480 = 237495. What is the units digit of u?
9
Suppose 5949 - 7091 = -2*d + 23518. What is the tens digit of d?
3
Let l = -21 - -160. Let g = -138 + l. What is the tens digit of 26 + (-1 + g)*11/22?
2
Let a(q) = 324*q + 2. Let p be a(1). Suppose 1293 = 4*m + 3*u, 0*u - 2*u = -m + p. Suppose 2*l + m = 6*l. What is the units digit of l?
1
Suppose k + 73*b - 79129 = 76*b, -5*b - 316495 = -4*k. What is the tens digit of k?
2
Let n = 81 - 73. What is the units digit of (-180)/((-52)/n + 5)?
0
Suppose 88 = 5*u + 3*u. Suppose 0 = -u*f + 283 - 30. What is the tens digit of f?
2
Let u(i) = -2*i**3 - 13*i**2 - 5*i - 3. Let c be u(-9). Let o = c - -856. What is the thousands digit of o?
1
Let a(i) = -i**2 - 24*i - 60. Let b be a(-20). Let c(x) = 20*x - 13. What is the tens digit of c(b)?
8
Let z(j) = -j**3 + 10*j**2 + j - 16. Let u be z(8). Let n be 63/(-3) + (-3 - (0 - 3)). Let i = u + n. What is the units digit of i?
9
Let s(y) be the second derivative of 5*y + 0 - 5/2*y**2 - 13/2*y**3. What is the tens digit of s(-1)?
3
Suppose b - 4*m + 16 = -2, 4*m = -b + 22. Suppose -b*c + 2*o + 944 = 0, -2*c - 4*o = -0*c - 914. What is the hundreds digit of c?
4
Suppose 0 = 5*v - 0*v - 3000. Suppose v = -5*n - 5*u + 2975, -5*n + 4*u = -2384. What is the tens digit of n/21*3/2?
3
Suppose -11 - 3 = 7*y. Let q be 2/y - (1 + -41). Suppose -3*j - 95 = -5*m, 4*m + 7*j = 2*j + q. What is the units digit of m?
6
Let x = -202 + 129. Let w = x + 13. Let u = w + 95. What is the units digit of u?
5
Let c(g) = 6*g + 34. Let r be c(-5). Suppose 4*s = 10*s - 594. Suppose -7*f = -r*f - s. What is the units digit of f?
3
Let g(n) = 74*n**2 - 83*n + 2279. What is the units digit of g(28)?
1
Let l = 24506 - 24227. What is the units digit of l?
9
Let q be 4 - (-4 - -4*4/8). Let r be ((-15)/q)/(8/((-128)/20)). Suppose -5*t - r*t + 1232 = 0. What is the tens digit of t?
7
Suppose 3*t - 5*t + 2*m + 286 = 0, -296 = -2*t - 3*m. Suppose -t*o = -149*o + 1004. What is the tens digit of o?
5
Let f(v) = 74*v + 13. Let y be f(11). Suppose -235 = 2*c + k - y, -4*k + 1480 = 5*c. What is the hundreds digit of c?
2
Let n = 712 - 687. Suppose q - 1499 = -5*f, n*q - f = 26*q - 1519. What is the tens digit of q?
2
Let p(b) = 12*b**2 + 18*b - 3. Suppose 20 = -4*d + 14*d. Suppose 0 = d*l + 5*v - 10, 2*l + l + 35 = 5*v. What is the hundreds digit of p(l)?
2
What is the units digit of 420/((-2)/6*4*27/(-2136))?
0
Suppose 523*l - 8895 = 521*l + 3*w, 17799 = 4*l + 3*w. What is the units digit of l?
9
Suppose 157*o - 16142 - 643726 = 113*o. What is the tens digit of o?
9
Suppose -133 = 13*a - 718. Let z be a/(-6) + 4 + (-2)/(-4). What is the tens digit of z + 0 + 27 + -1 + 1?
2
Suppose 0 = -2*f - 0*r + r + 7, -2 = -2*r. Let u be (0 - 5/f)*4. What is the tens digit of 1 - (-66 - (u - -2))?
6
Suppose 191*f - 180*f = 12716. What is the tens digit of f?
5
Let n be (6/(-15))/((-33)/15 + 2). Suppose -3 = -2*o - c + 6, -n*o + 4*c = 16. Let g(u) = -u**3 + 3*u**2 - 2. What is the units digit of g(o)?
2
Suppose o = -3*o - 2*n + 500, -2*o - 3*n = -242. Suppose 4*p - 108 = 5*w + p, -3*w + 4*p - 56 = 0. Let b = o + w. What is the hundreds digit of b?
1
Let o(w) = -4*w - 101. Let r be o(-29). Suppose 2*c + c = r. Suppose -5*z - 128 = c*m - 868, -5*z + 5*m + 730 = 0. What is the hundreds digit of z?
1
Let f = 18539 + -9735. What is the thousands digit of f?
8
Let d = 44 + 4. Suppose d = 2*x - 298. Suppose 0 = 5*a + 5*o - 470, 2*a - 2*o - x = -5. What is the units digit of a?
9
What is the hundreds digit of 1/((-57766)/1127958 - (-58)/1131)?
4
Let u(j) = j**2 - 23*j - 42. Let h be u(35). Let i = h - 216. What is the units digit of i?
2
Suppose 6280 = -17*c + 21*c. Suppose -5 = -5*k, -53 = -2*y - y - 2*k. Suppose c = y*b - 7*b. What is the hundreds digit of b?
1
Suppose 7*o - 38421 = -13*o + 45639. What is the tens digit of o?
0
Suppose 23*y = 27*y. Suppose y = 3*x + 172 - 7. Let l = x + 79. What is the tens digit of l?
2
Suppose -3*i + 5*f = -53297, 17*f - 88819 = -5*i + 16*f. What is the hundreds digit of i?
7
Suppose -275 = -a - 3*f, -3*f = -5*a - 4*f + 1417. Let r = a + 171. What is the units digit of r?
5
Let o(j) = j**3 - 12*j**2 + 16*j - 10. Let h be 1/2 - 92/(-8). Let a be o(h). Suppose -4*t + 5*r = -t - 266, 0 = -2*t + r + a. What is the units digit of t?
2
What is the ten thousands digit of 27/351 + (-647670)/(-39)?
1
Let b(k) = 6*k**3 - 7*k**2 - 1. Let h(d) = 17*d**3 - 19*d**2 - d - 3. Let z(v) = -8*b(v) + 3*h(v). What is the tens digit of z(3)?
6
Let z(u) = 21*u**2 - 14*u - 362. What is the hundreds digit of z(-14)?
9
Suppose -22*g = -22*g - 39*g + 901953. What is the units digit of g?
7
Suppose 0*w - 2*w = -2*u + 26, 44 = 3*u - 4*w. Let y(q) = 3*q**3 - 17*q**2 - q + 19. What is the units digit of y(u)?
9
Let u(y) = 6828*y + 1821. What is the thousands digit of u(2)?
5
Let l be 58*(0 + (4 - 1)). Suppose 876 = 2*o + l. What is the tens digit of o?
5
Let g(q) be the third derivative of -17*q**4/24 + 97*q**3/3 - 103*q**2 - 2*q. What is the units digit of g(-13)?
5
Let h(v) = v**3 - 5*v**2 + 7*v + 9. Let s be 1/4*66*4/6. What is the hundreds digit of h(s)?
8
Let f(c) = c**3 - 24*c**2 - 100*c - 10. What is the tens digit of f(34)?
5
Let h = -8 + -1. Suppose -292*l + 291*l = 3. What is the units digit of 98 - (h/l + -4)?
9
Suppose -226*j + 231*j - 260 = 0. Suppose 49*r - j*r + 2037 = 0. What is the units digit of r?
9
Let q = 3249 + -955. What is the hundreds digit of q?
2
Let i(n) = -9*n - 57. Let l be (-42)/4*(-12)/(-18). Let r be i(l). Let w(p) = 3*p**3 - 11*p**2 + 3*p - 5. What is the tens digit of w(r)?
6
Suppose -10*r = -79768 - 11032. What is the units digit of r?
0
Let b(k) = -k**2 + 30*k + 22. Let y be b(19). Suppose -q = -8*q + y. What is the tens digit of (-64)/12*q/(-2)?
8
Let x be (-18)/(-27)*(-11853)/(-18). Suppose x*d + 3591 = 442*d. What is the tens digit of d?
9
Let b(k) = -1147*k - 1311. What is the units digit of b(-6)?
1
Let d(j) = -15*j + 30. Let z be d(2). Suppose -16*c + 5811 - 691 = z. What is the tens digit of c?
2
Suppose 45*n - 41*n - 5*p - 6446 = 0, 2*n - 3208 = 5*p. What is the units digit of n?
9
Let u = -139 + 153. Suppose -u*v - 191 = 285. Let b = 165 + v. What is the hundreds digit of b?
1
Let r = 30 + -25. Suppose -3*p - 511 = -r*w, 4*w - 86 = p + 327. What is the units digit of w?
4
Suppose -4*n - 3*s = 104, 55 = -2*n - 3*s + 3. Let q(j) = j**2 - 19*j - 185. What is the units digit of q(n)?
5
Suppose -6*s + 5*s = -101. Let y(h) = 32*h**2 + 3*h - 4. Let w be y(-3). Suppose -4*t + w = -s. What is the tens digit of t?
9
Suppose -373494 = -5*a + 2*f, 15*f - 16*f = 2*a - 149385. What is the hundreds digit of a?
6
Let b be (-4)/(-10) + (-945)/(-75). Suppose 22*x - 16975 = -b*x. What is the tens digit of x?
8
Let a(x) = 17*x**2 + 28*x - 63. Let j be (-5 - 10) + 10 + -9 + 2. What is the tens digit of a(j)?
4
Suppose -119*y + 138*y - 16530 = 0. What is the hundreds digit of y?
8
Let k = -6228 + 8832. What is the tens digit of k?
0
Let c = -195 + 191. What is the tens digit of ((-284)/20)/(c/20)?
7
Suppose -2*j - 23 = -133. Let f be (j/(-2))/(-5) - (-3)/(-2). Suppose f*r - 2*d = 944, 950 = 7*r - 3*r - 5*d. What is the hundreds digit of r?
2
Let q(v) = v**2 + 7 + 17*v + 15*v - 27*v. Let p be q(-4). Suppose -4*m - 124 + 408 = 4*y, -209 = -p*y + m. What is the units digit of y?
0
Let a(v) = 360*v**2 - 59*v - 293. What is the tens digit of a(-6)?
2
Let r(p) = 11*p + 3. Let m(j) be the third derivative of -j**4/24 - j**3/6 + 6*j**2. Let c(k) = -6*m(k) - r(k). What is the units digit of c(-12)?
3
Let c(m) = 2*m**2 - 47*m + 22. Let p be c(21). Let h = p - -427. What is the tens digit of h?
4
Let h = 162 + -152. Suppose 5*r + v = h*r - 1291, 5*r + 5*v - 1315 = 0. What is the units digit of r?
9
Let f(o) = o**3 + 24*o**2 - 2*o - 53. Let a be f(-24). What is the hundreds digit of -4*a/(-10)*-377?
7
Let m = 363 - 357. What is the hundreds digit of m - 2/((-8)/1068)?
2
Let a = -15313 + 33018. What is the ten thousands digit of a?
1
Suppose 202*c = 193*c + 6723. Suppose -5*a + 9*a = 3*k - c, 3*k - 771 = -4